10?
5
What is the tens digit of 4/30 - (-4 + (-161307)/135)?
9
Suppose 4*k = -5*c + 1122, 5*k + 471 - 42 = 2*c. Suppose 4*f = 0, -5*f + 23 = -5*p - c. Let i = p - -97. What is the tens digit of i?
4
Suppose 0 = 3*g + 2*g. Suppose c - 5*b = 24, -b + 2 = -g*b. What is the units digit of c?
4
Let u(y) = 21*y**2 + 10*y + 18. Let p = 52 - 55. What is the units digit of u(p)?
7
Let n = 7 - 4. Suppose n = -0*i + i. Suppose v + 4*a - 236 = -3*v, i*v + a = 169. What is the tens digit of v?
5
Suppose -2461 = -7*i - 16*i. What is the tens digit of i?
0
Let q be (4/12)/(2/24). Suppose -k + c = 2*c - 8, 4*c = q. Let i = 10 - k. What is the units digit of i?
3
Let y = 10 + -51. Let q = 7 - y. Let g = q + -16. What is the units digit of g?
2
Let y(p) = 0*p - 13 - 4*p + 16 - 2*p + 2*p**2. Let b be (-8)/(-28) - (-60)/(-14). What is the tens digit of y(b)?
5
Suppose -2*g = 5*m + 26 - 0, -4*m + 3*g = 7. Let i be 68 - (3 + m/2). Suppose 2*f - 7*f + y + 59 = 0, -5*f = -3*y - i. What is the units digit of f?
1
Suppose -7095 = -11*s - 1397. What is the units digit of s?
8
Let h(g) = 135*g + 6. What is the units digit of h(1)?
1
Let n(r) = -7*r. Let w(o) = o - 1. Let c(m) = 2*n(m) + 10*w(m). Let s be c(-5). Suppose -4*l = -s*l + 246. What is the tens digit of l?
4
What is the units digit of 5 - ((-2)/(-10) + (-1480)/25)?
4
Suppose -5*a + 3716 = 4*f, 3*f + 17*a = 20*a + 2787. What is the tens digit of f?
2
Let y = 3 - 2. What is the units digit of 11 + -10 - (y + -91)?
1
Suppose -2*p - 9 = 7. What is the units digit of p/(-12) - (-31)/3?
1
Suppose 2*l + 5*r = 5, 1 = 2*r + 3. Suppose 0 = -q + 2*q + 3, 419 = l*k - 3*q. What is the units digit of k?
2
Suppose -2 = 3*l - 4*y, 0*l + 3*y - 14 = -4*l. Suppose 0 = l*r - w - 141, 0 = 2*r - 5*w - 22 - 107. What is the units digit of r?
2
Let y = -861 - -1826. What is the units digit of y?
5
Let n(f) = -f**3 + 13*f**2 - 31*f + 12. Let v be n(10). Suppose -3*y - 351 = -v*g, 5*y = -3*g - 0*y + 517. What is the tens digit of g?
7
Suppose -u + 3*u - 3 = -g, 15 = u + 5*g. Suppose 3*r - 5*r + 8 = u. Suppose r*j = -0 + 12. What is the units digit of j?
3
Let k(y) = -482*y + 4. What is the tens digit of k(-6)?
9
What is the units digit of (-566191)/(-309) + 20/(-6)?
9
Let l be (78/7)/((-25)/(-175)). Suppose -20*z = -22*z + l. What is the tens digit of z?
3
Let j = 4 + -1. Suppose 3*z = -j*k + 177, -5*z - 3*k + 287 = -0*z. What is the tens digit of z?
5
Let t = 4773 - 3256. What is the units digit of t?
7
Suppose -5*v + 68 = -4*q, q - v = -4*v. Let t = q - -5. Let a(s) = -3*s + 8. What is the units digit of a(t)?
9
Let g be (-12)/(-9)*(-3)/(-1). Let t(h) = 6*h + 45. Let n be t(-7). Suppose -24 = -g*b + 3*l - 7*l, -2*l = -b + n. What is the units digit of b?
5
Suppose -2946 = -5*g - j, 1350 = 2*g + 5*j + 167. Suppose -4*x - g = -1649. What is the tens digit of x?
6
Let r(h) = -2*h**3 - 2*h**2 - 2*h - 1. Let t(n) = 2*n - 6. Let q be t(1). What is the tens digit of r(q)?
0
Let k be (4 - (-2 - -5))*113. Let g = 173 - k. What is the tens digit of g?
6
Let n(d) = 18*d + 24. What is the tens digit of n(6)?
3
What is the hundreds digit of (2824/6)/(403/(-39) - -11)?
7
Let o = -1 - -3. Suppose t - 80 + 0 = r, t + o*r - 74 = 0. What is the units digit of t?
8
Let b(y) = y**2 - 3*y - 8. Let a be b(-2). Suppose 0 = -4*i, -2*i = a*j + i - 258. What is the tens digit of j?
2
Suppose -u - 10 = -2*x + 3*u, -u + 5 = 2*x. Let q(s) = -4*s. Let f be q(-1). Suppose g - f*i - 6 = 0, 3*g - 14 = x*i + 31. What is the units digit of g?
8
Let f = -59 - -80. Suppose 0 = 6*r + f - 27. What is the units digit of r?
1
Suppose 88 = -3*h - 419. Let n = h + 117. Let r = 85 + n. What is the units digit of r?
3
Let m(t) = 291*t**2 - t - 2. Let j be m(-1). Let g = j - 109. What is the tens digit of g?
8
Suppose 5*c + 435 = 4*b, -393 = 5*b - c - 963. What is the units digit of b?
5
Let n be (9/(-27))/(2/(-126)). Let h = 75 - n. Let d = h + -25. What is the tens digit of d?
2
Let l = 292 - -23. Suppose 0*j - l = -5*j. What is the tens digit of j?
6
Let p = -51 + 21. What is the units digit of (-1)/(-2) - 1035/p?
5
Suppose 1504 = 54*i - 50*i. What is the units digit of i?
6
Suppose -10*u + 1566 = -7*u. What is the hundreds digit of u?
5
Let n(m) = -m**3 + 6*m**2 + 2*m - 11. What is the units digit of n(6)?
1
Let p(o) = -o**3 - 2 + 4*o - 3 - 7 + 2 - 6*o**2. Suppose 5*v = 4*m - 13 - 14, 4*m + 29 = -3*v. What is the tens digit of p(v)?
1
Suppose -3463 = -7*s - 838. What is the hundreds digit of s?
3
Let a be 3/(-9)*(3 - 36). Suppose -a*o - 84 = -4*o. Let k = o + 89. What is the units digit of k?
7
Let c be 60*((-16)/20)/2. Let f = c - -58. Suppose 2*n - 48 - f = 0. What is the tens digit of n?
4
Let g(p) = p - 1. Let t(l) = 29*l - 9. Let o(n) = 2*g(n) + t(n). What is the units digit of o(5)?
4
Let x = 621 + -278. What is the tens digit of x?
4
Let v = 1028 - 561. What is the units digit of v?
7
Suppose 2*w - 3*z - 18 = 0, -4*z = 2*w + 15 - 5. Suppose -115 = 2*d - 25. What is the units digit of w*(-5)/(d/6)?
2
Let b(y) be the first derivative of y**7/56 - y**5/60 + y**4/24 - 4*y**3/3 + 5. Let p(g) be the third derivative of b(g). What is the tens digit of p(1)?
1
Let z = -1240 - -1737. What is the hundreds digit of z?
4
Let u(y) = y**2 + 5*y + 9. Let t be u(-4). Let w(i) = i**2 + 3*i - 2. Let k be w(-4). Suppose -t*b = -22 + k. What is the units digit of b?
4
Let c(l) = l + 15. Let f be c(5). Let q be 30/f*(1 - -73). Let w = q - 62. What is the tens digit of w?
4
Let v be 4/6*489 - -1. Suppose -47 = 5*d - v. What is the tens digit of d?
5
Let d = 95 - 86. What is the units digit of 15/((-7)/((-714)/d))?
0
Suppose 4*j = z - 152, 4*z = -7*j + 4*j - 133. Let r = 18 - j. What is the tens digit of r?
5
Suppose -4 - 6 = 2*s. Let d(u) = u**2 + 6*u + 6. What is the units digit of d(s)?
1
Let x = -1325 + 2161. What is the units digit of x?
6
Let g(v) = -2722*v**3 - 2*v**2 + v + 2. What is the units digit of g(-1)?
1
Suppose t = -15*t + 37824. What is the hundreds digit of t?
3
What is the tens digit of (-6130)/(-20) + 12/(-8)?
0
Let i(b) = b**2 - 15*b - 7. What is the units digit of i(19)?
9
Suppose 0 = -5*u + 2770 - 1615. What is the tens digit of u?
3
Let w(v) = -v**3 + 16*v**2 + 19*v - 24. Let y be w(17). What is the units digit of ((-8)/y)/(14/(-1225))?
0
Suppose k + 3 - 57 = 0. Suppose -k = -w + 38. What is the units digit of w?
2
Suppose -625*j + 618*j = -6300. What is the units digit of j?
0
Let t(g) = 355*g**2 + 3*g + 3. Let z be t(-1). Let y = z + -239. What is the tens digit of y?
1
Let u(q) be the first derivative of q**4/4 - q**3/3 - 6*q**2 - 2*q + 9. What is the tens digit of u(5)?
3
Let s = -8 + 6. Let g = 2 - s. What is the units digit of (-7)/(g/(-8)*2)?
7
Let c = -14 + 13. Let x be (c/(-2))/((-2)/(-8)). Suppose -3*j + 40 = 4*q - 4*j, q - 10 = -x*j. What is the tens digit of q?
1
Let j(n) = -n**3 - 15*n**2 + 14*n + 22. Let i be j(-16). Let v(g) = g**2 - g + 1. Let x be v(1). Let k = x + i. What is the tens digit of k?
5
Let g(f) = 30*f - 11. Let q be g(11). Suppose -q - 125 = -4*t. Suppose 0 = -5*a + 4*i + 121, 5*a + i - 15 = t. What is the tens digit of a?
2
Suppose 3*h - 4*h = -4*x - 92, -5*x + h = 114. Suppose 2*a + y + 8 = 0, 2*a - 12 = 6*a + 4*y. Let g = a - x. What is the tens digit of g?
1
Let x(g) = -g**2 + 19*g + 38. Let f be x(16). Suppose -700 = -f*m + 82*m. What is the hundreds digit of m?
1
Let a = -57 + 61. Suppose 2*f - 4*t = -2*f + 72, -a*f - 2*t + 66 = 0. What is the tens digit of f?
1
Let j(x) be the second derivative of -x**5/20 + 3*x**4/4 + x**3 + 4*x**2 - 25*x. What is the units digit of j(8)?
0
Let n = 54 - -5. What is the tens digit of n?
5
Suppose z = 2, -2*z = 2*a - 7084 + 2070. What is the tens digit of a?
0
Suppose -4*l - 4*p = -2216, -6*p + 557 = l - 4*p. What is the tens digit of l?
5
Suppose 29 - 9 = -5*f, -i - 3*f = -11. Suppose -2*m = -i - 9. Suppose -4 = -4*h, 2*o - 64 = -4*h - m. What is the units digit of o?
2
Suppose -22 - 17 = -h. Let q = h - 0. What is the units digit of q?
9
Suppose -4*h + 1292 - 7920 = -4*j, 8250 = 5*j + 2*h. Suppose 2*y - 9*y = -j. What is the tens digit of y?
3
Let m = 19 + -10. Let o(g) = g**3 - 6*g**2 - 11*g + 12. Let d be o(m). Suppose 9*a - 6*a = d. What is the tens digit of a?
5
Let a(l) be the third deri